13015 - 120?
12455
In base 16, what is 57 - 2e2?
-28b
In base 8, what is 0 + -114624?
-114624
In base 7, what is -16 - 5433?
-5452
In base 6, what is -13 - -14350?
14333
In base 9, what is 114 - 36604?
-36480
In base 15, what is -3 - bb3?
-bb6
In base 3, what is -1000 + -1022220211?
-1022221211
In base 9, what is 5 + 516735?
516741
In base 11, what is 300 + -38?
273
In base 3, what is 100 + 21120012?
21120112
In base 13, what is -651 + 463?
-1bb
In base 11, what is 2 - -10846?
10848
In base 2, what is -10001110000001001 - 11?
-10001110000001100
In base 14, what is -49554 - -1?
-49553
In base 8, what is 7514 - 107?
7405
In base 16, what is 895 - 149?
74c
In base 10, what is 14 + 4499?
4513
In base 11, what is 13 - 57712?
-576aa
In base 10, what is 30 + -199?
-169
In base 3, what is 121002111122 + -10?
121002111112
In base 12, what is -2 + 127308?
127306
In base 15, what is 680ae - 3?
680ab
In base 10, what is -4 + -593059?
-593063
In base 11, what is 3 - 28a9?
-28a6
In base 6, what is 5134 + -212?
4522
In base 7, what is 26331031 + -3?
26331025
In base 3, what is -12 + 1001001001?
1001000212
In base 3, what is 200220102 - -20101?
201010210
In base 6, what is 232 + 343403?
344035
In base 10, what is -55 - -5412?
5357
In base 9, what is -46 - 2074?
-2131
In base 8, what is 70 + 1014?
1104
In base 5, what is 24331 - 202?
24124
In base 5, what is 0 + 13142312?
13142312
In base 2, what is 10010 + -1010000011011?
-1010000001001
In base 11, what is -328 + 41?
-297
In base 4, what is 212022 - -22110?
300132
In base 3, what is 212122012 - -221?
212200010
In base 9, what is 27563 - 55?
27507
In base 15, what is -421c2 + 4?
-421bd
In base 9, what is 15 - -11107?
11123
In base 13, what is -1c01 - b3?
-1cb4
In base 9, what is 88 + 4804?
5003
In base 9, what is 15 - -6183?
6208
In base 8, what is 1145 + 15526?
16673
In base 3, what is -1012 + 11212?
10200
In base 11, what is 26 + -8439?
-8413
In base 5, what is 20113 - -142?
20310
In base 8, what is 2 + 62724?
62726
In base 8, what is 146754 - -1?
146755
In base 15, what is -13 + 449a?
4487
In base 11, what is 320674 - -5?
320679
In base 4, what is -11 + -333102?
-333113
In base 10, what is 0 - 5164?
-5164
In base 6, what is 100 - -255305?
255405
In base 10, what is -32 - -1877?
1845
In base 8, what is -267 + -376?
-665
In base 10, what is -213271 + -1?
-213272
In base 10, what is 12 - -6303?
6315
In base 2, what is 1000011110 + 11001010?
1011101000
In base 2, what is -10111001101101011111 + -110?
-10111001101101100101
In base 15, what is a0 + a?
aa
In base 16, what is 1e8 + f2?
2da
In base 8, what is 2 + -37253?
-37251
In base 11, what is -5 - 204387?
-204391
In base 14, what is -3 - 1d67?
-1d6a
In base 4, what is 1000330 + -3?
1000321
In base 6, what is 3 - 2135133?
-2135130
In base 13, what is -1 - 5cba?
-5cbb
In base 11, what is -71a + 5?
-715
In base 8, what is 130 - -11132?
11262
In base 7, what is -1 + 2653540?
2653536
In base 12, what is 624961 - -1?
624962
In base 3, what is 112101022 + 11?
112101110
In base 15, what is b8d + c?
b9a
In base 10, what is 410 + 4?
414
In base 15, what is -d17 - -4?
-d13
In base 4, what is -30222121011 + 1?
-30222121010
In base 15, what is -1d + -c73?
-c91
In base 13, what is 13a - -b5a?
c97
In base 3, what is 11 + -1102202101?
-1102202020
In base 13, what is -1 + 6a4b?
6a4a
In base 7, what is -10 - 220020?
-220030
In base 12, what is -4 - -207b9?
207b5
In base 14, what is -d + -3510b?
-3511a
In base 2, what is 0 + -10101000001101?
-10101000001101
In base 6, what is -4043211 - -1?
-4043210
In base 12, what is 367b5a - 5?
367b55
In base 5, what is -2 + -30122201?
-30122203
In base 11, what is 64 + 1402?
1466
In base 7, what is -1510 + -2313?
-4123
In base 3, what is 121020200 - 10?
121020120
In base 5, what is 2110 - -11424?
14034
In base 2, what is 11 - 1000000100010010?
-1000000100001111
In base 12, what is 0 - -71a90?
71a90
In base 3, what is 1102222 + 210122?
2020121
In base 13, what is -b8 + 66?
-52
In base 5, what is -2223 + -202?
-2430
In base 10, what is 16 + -809?
-793
In base 6, what is 5 - 1250005?
-1250000
In base 11, what is 9a + -172?
-83
In base 2, what is -10001111110 + -111000011000?
-1001010010110
In base 5, what is -334 + 11121?
10232
In base 8, what is 6 - 4176?
-4170
In base 14, what is 23c + 3a4?
602
In base 8, what is 224 - -1401?
1625
In base 14, what is -5 + 217a9c?
217a97
In base 8, what is 3 + 52256?
52261
In base 5, what is -410202330 - 10?
-410202340
In base 6, what is 53410 - 335?
53031
In base 10, what is -515 - 16?
-531
In base 9, what is 0 - -28613?
28613
In base 10, what is 14 - 215?
-201
In base 7, what is -242 - 3245?
-3520
In base 12, what is -225 - 1507?
-1730
In base 5, what is -2 + -23000402?
-23000404
In base 7, what is -103 - 450?
-553
In base 16, what is -c - -53c?
530
In base 16, what is -8 + -2459?
-2461
In base 16, what is 12d38 + -1?
12d37
In base 11, what is -19 - -18465?
18447
In base 14, what is 4 + 14a3d1?
14a3d5
In base 7, what is 536 + 1513?
2352
In base 14, what is -57b4 - 0?
-57b4
In base 7, what is -4 - 33620?
-33624
In base 9, what is -807 + -650?
-1557
In base 11, what is a61 - 10?
a51
In base 13, what is -15 - 85c?
-874
In base 3, what is 101 + -101210?
-101102
In base 15, what is -2 + -8d1d?
-8d20
In base 15, what is 905e + 12?
9071
In base 7, what is 2336 - 461?
1545
In base 4, what is 32 + -220112102?
-220112010
In base 11, what is 17818 + 6?
17823
In base 13, what is -2 + -1864c?
-18651
In base 16, what is 1a7 + -79?
12e
In base 2, what is 11010000000000 - -101?
11010000000101
In base 8, what is 16 + 7221?
7237
In base 4, what is 30110300 + 22?
30110322
In base 15, what is -124 - -37ae?
368a
In base 10, what is 20521 - 166?
20355
In base 7, what is 5 + -1064534?
-1064526
In base 9, what is 14428 + 41?
14470
In base 14, what is -527 - 54?
-57b
In base 7, what is -2 - 10353?
-10355
In base 12, what is 10 + 89?
99
In base 7, what is -135221 - -100?
-135121
In base 7, what is -3 + 213424?
213421
In base 6, what is -11 + -2034450?
-2034501
In base 9, what is 1111 - 314?
686
In base 9, what is 745 + -12?
733
In base 4, what is 0 - 100221000?
-100221000
In base 3, what is 0 + -12021001?
-12021001
In base 15, what is 2a6 - -9a?
351
In base 10, what is -3 - -276309?
276306
In base 2, what is -11 + 1101010001011001000?
1101010001011000101
In base 14, what is -5 + -5871c?
-58723
In base 2, what is -10 + 1000100011001100111?
1000100011001100101
In base 3, what is 112000202 + 102?
112001011
In base 10, what is -85 - 661?
-746
In base 8, what is -1174424 + 2?
-1174422
In base 6, what is -1341 + -1314?
-3055
In base 3, what is -11 + -1100002012000?
-1100002012011
In base 11, what is -203a87 + -5?
-203a91
In base 10, what is 143298 - -2?
143300
In base 15, what is -850c + b?
-8501
In base 2, what is 0 - 11110101110100110010?
-11110101110100110010
In base 7, what is 244560 + -1?
244556
In base 7, what is 62125 + -5?
62120
In base 9, what is -140 + 174?
34
In base 15, what is a + a8e?
a99
In base 5, what is 22223101 - -10?
22223111
In base 16, what is 13c5 + -a?
13bb
In base 6, what is -1540 + -3210?
-5150
In base 16, what is -47 + -157?
-19e
In base 4, what is -121 - 10313310?
-10320031
In base 9, what is 5 - 2325?
-2320
In base 5, what is 104 - -4123?
4232
In base 15, what is d - -120?
12d
In base 10, what is 26 - -138?
164
In base 10, what is 1 - -271?
272
In base 13, what is a - -b825?
b832
In base 5, what is -4 - -23040?
23031
In base 12, what is 124b + 1347?
2596
In base 6, what is -2141514 - 3?
-2141521
In base 16, what is -866 + c?
-85a
In base 10, what is 454 - -5?
459
In base 7, what is 0 + -33662?
-33662
In base 11, what is 1a17 - 9?
1a09
In base 2, what is 100 - 10110101101111110?
-10110101101111010
In base 15, what is -4 - -1aabb5?
1aabb1
In base 12, what is 326 + 14?
33a
In base 15, what is 6141 + 4?
6145
In base 5, what is 3311003 - -1?
3311004
In base 3, what is 12 - -2111202010001?
2111202010020
In base 7, what is 0 - -135015?
135015
In base 5, what is -1 + 12004023?
12004022
In base 7, what is 0 + -15625?
-15625
In base 13, what is -3b01 - 1c9?
-3cca
In base 3, what is 12 - 11122022?
-11122010
In base 2, what is 11001011 + -110100001001?
-110000111110
In base 4, what is -20 - -3320010?
3313330
In base 7,